
Does 131 divide 978046?
True
Does 6 divide 264937?
False
Is 1258 a multiple of 34?
True
Is 193 a factor of 162495?
False
Does 6 divide 129570?
True
Does 23 divide 139150?
True
Is 78034 a multiple of 4?
False
Does 135 divide 1149554?
False
Is 3317005 a multiple of 53?
True
Is 63880 a multiple of 8?
True
Is 12 a factor of 241032?
True
Is 6 a factor of 337324?
False
Is 140360 a multiple of 11?
True
Is 310 a factor of 335110?
True
Is 730156 a multiple of 12?
False
Is 39776 a multiple of 226?
True
Is 1209 a multiple of 2?
False
Is 15796 a multiple of 22?
True
Does 4 divide 1726?
False
Does 79 divide 50745?
False
Is 29 a factor of 14123435?
True
Is 47520 a multiple of 48?
True
Is 236770 a multiple of 49?
False
Is 13637880 a multiple of 387?
True
Is 7 a factor of 693308?
True
Is 169 a factor of 818756?
False
Does 19 divide 16251?
False
Does 7 divide 202293?
True
Does 9 divide 751272?
False
Is 746220 a multiple of 60?
True
Is 217642 a multiple of 62?
False
Does 13 divide 1344902?
True
Does 43 divide 105323?
False
Is 188452 a multiple of 11?
True
Is 37 a factor of 17546?
False
Does 490 divide 1598870?
True
Is 68 a factor of 313260?
False
Is 41 a factor of 2638001?
False
Does 30 divide 35430?
True
Does 78 divide 130841?
False
Is 6 a factor of 4273830?
True
Is 50 a factor of 96700?
True
Is 19 a factor of 483721?
True
Is 701624 a multiple of 748?
True
Is 238046 a multiple of 235?
False
Is 725 a factor of 385734?
False
Is 14610 a multiple of 32?
False
Does 17 divide 187821?
False
Does 470 divide 3400450?
True
Does 66 divide 201937?
False
Is 16 a factor of 81020?
False
Is 35598 a multiple of 51?
True
Is 10892274 a multiple of 33?
False
Does 27 divide 2833324?
False
Is 683 a factor of 118842?
True
Does 12 divide 5023704?
True
Is 76605 a multiple of 15?
True
Does 254 divide 636508?
False
Is 6723592 a multiple of 12?
False
Does 26 divide 983148?
False
Does 133 divide 121252?
False
Is 45 a factor of 585495?
True
Is 325417 a multiple of 595?
False
Does 18 divide 40572?
True
Does 30 divide 2469558?
False
Is 203 a factor of 89970?
False
Does 7 divide 1133745?
False
Is 22 a factor of 1065079?
False
Is 3017602 a multiple of 14?
True
Is 348 a factor of 548796?
True
Is 99632 a multiple of 16?
True
Is 35 a factor of 332742?
False
Is 2794092 a multiple of 203?
True
Is 84 a factor of 104160?
True
Does 678 divide 349948?
False
Does 10 divide 301440?
True
Is 6 a factor of 1241118?
True
Is 197342 a multiple of 75?
False
Is 5 a factor of 4916045?
True
Does 11 divide 3192558?
False
Does 101 divide 243915?
True
Is 26 a factor of 43914?
True
Is 13 a factor of 250022?
False
Is 118 a factor of 2549515?
False
Is 707503 a multiple of 15?
False
Is 3 a factor of 5208?
True
Is 23281 a multiple of 6?
False
Is 96 a factor of 4923701?
False
Is 120232 a multiple of 5?
False
Is 44 a factor of 160702?
False
Does 6 divide 324030?
True
Is 77548 a multiple of 64?
False
Is 12062040 a multiple of 12?
True
Is 57 a factor of 628995?
True
Is 484 a factor of 2949980?
True
Is 49483 a multiple of 12?
False
Is 228140 a multiple of 340?
True
Is 748950 a multiple of 185?
False
Is 4 a factor of 438633?
False
Is 234138 a multiple of 6?
True
Is 130 a factor of 74620?
True
Does 43 divide 726711?
False
Is 3548128 a multiple of 535?
False
Is 270894 a multiple of 106?
False
Is 48735 a multiple of 85?
False
Is 127350 a multiple of 25?
True
Does 1115 divide 4881470?
True
Is 2209980 a multiple of 15?
True
Is 2938510 a multiple of 97?
False
Does 15 divide 106140?
True
Is 869555 a multiple of 61?
True
Does 104 divide 4353752?
True
Is 2190354 a multiple of 158?
True
Is 1442574 a multiple of 28?
False
Is 1433418 a multiple of 14?
True
Does 431 divide 9513032?
True
Is 160 a factor of 405818?
False
Is 7 a factor of 1249490?
False
Does 19 divide 27895?
False
Is 2839955 a multiple of 10?
False
Is 216 a factor of 1095336?
True
Does 3 divide 332430?
True
Is 21 a factor of 250467?
True
Is 628084 a multiple of 58?
False
Is 170352 a multiple of 14?
True
Is 144 a factor of 518503?
False
Is 2014440 a multiple of 17?
False
Is 10 a factor of 1078287?
False
Is 4136859 a multiple of 121?
False
Is 579710 a multiple of 125?
False
Is 3283946 a multiple of 15?
False
Is 251 a factor of 324041?
True
Is 8622512 a multiple of 29?
True
Is 58 a factor of 44738?
False
Is 109194 a multiple of 11?
False
Is 341936 a multiple of 9?
False
Is 4 a factor of 8812?
True
Does 86 divide 59770?
True
Is 215 a factor of 5024953?
False
Is 24 a factor of 291024?
True
Is 117 a factor of 6679179?
True
Is 289941 a multiple of 3?
True
Is 27405 a multiple of 63?
True
Is 94 a factor of 8356506?
True
Is 325230 a multiple of 185?
True
Is 25121 a multiple of 8?
False
Does 239 divide 3968?
False
Is 352577 a multiple of 105?
False
Is 802 a factor of 3025687?
False
Is 3345808 a multiple of 17?
False
Does 108 divide 4707086?
False
Is 260 a factor of 1544660?
True
Is 296764 a multiple of 29?
False
Is 55 a factor of 63412?
False
Is 34 a factor of 851734?
True
Does 15 divide 435387?
False
Is 55 a factor of 6108099?
False
Does 228 divide 7416156?
True
Is 1977478 a multiple of 218?
True
Does 21 divide 913?
False
Is 24 a factor of 155400?
True
Is 11 a factor of 869212?
False
Is 1053544 a multiple of 632?
True
Does 102 divide 134198?
False
Is 85648 a multiple of 38?
False
Is 133 a factor of 875306?
False
Is 2945204 a multiple of 1082?
True
Does 10 divide 1062880?
True
Is 2937463 a multiple of 11?
False
Is 1201947 a multiple of 521?
True
Is 4170 a multiple of 15?
True
Is 1339 a factor of 10086002?
False
Is 244020 a multiple of 28?
True
Is 82845 a multiple of 105?
True
Is 8 a factor of 35832?
True
Is 167603 a multiple of 26?
False
Does 6 divide 1423998?
True
Is 135 a factor of 4315815?
True
Does 667 divide 342838?
True
Does 307 divide 5339651?
True
Is 10260309 a multiple of 12?
False
Is 316160 a multiple of 13?
True
Is 128030 a multiple of 295?
True
Is 1242848 a multiple of 8?
True
Is 2091102 a multiple of 663?
True
Is 252 a factor of 794052?
True
Is 158 a factor of 45504?
True
Is 23 a factor of 85376?
True
Does 12 divide 6604752?
True
Is 1920549 a multiple of 597?
True
Is 1098908 a multiple of 86?
True
Is 65 a factor of 1086670?
True
Does 415 divide 762868?
False
Does 41 divide 660697?
False
Is 2 a factor of 17060?
True
Does 131 divide 2890833?
False
Does 591 divide 156615?
True
Does 6 divide 71562?
True
Is 316 a factor of 857635?
False
Is 19 a factor of 8089801?
True
Does 11 divide 58907?
False
Is 754017 a multiple of 19?
False
Is 26 a factor of 9413516?
False
Is 7 a factor of 764995?
True
Does 249 divide 2209377?
True
Is 42758 a multiple of 6?
False
Is 381132 a multiple of 18?
True
Is 4 a factor of 263436?
True
Does 160 divide 5856204?
False
Is 181127 a multiple of 14?
False
Does 125 divide 1544250?
True
Does 183 divide 1807453?
False
Does 589 divide 148078?
False
Is 5925481 a multiple of 25?
False
Does 135 divide 3192804?
False
Is 176040 a multiple of 8?
True
Is 128 a factor of 30848?
True
Is 788778 a multiple of 45?
False
Is 86 a factor of 2887911?
False
Is 54 a factor of 3294352?
False
Is 249 a factor of 19673490?
True
Is 59017 a multiple of 5?
False
Does 371 divide 106477?
True
Is 4618512 a multiple of 278?
False
Is 6 a factor of 278112?
True
Is 398814 a multiple of 54?
False
Is 3020169 a multiple of 9?
False
Is 27600 a multiple of 150?
True
Is 50948 a multiple of 188?
True
Does 257 divide 87123?
True
Does 6 divide 74700?
True
Is 41772 a multiple of 59?
True
Is 17 a factor of 1270087?
True
Does 277 divide 419655?
True
Is 12051787 a multiple of 112?
False
Is 1625037 a multiple of 1279?
False
Does 191 divide 751203?
True
Is 1044 a factor of 1735128?
True
Is 16363249 a multiple of 386?
False
Is 144 a factor of 712930?
False
Is 295 a factor of 49049?
False
Does 3 divide 95206?
False
Is 33 a factor of 45045?
True
Is 60 a factor of 3475440?
True
Does 632 divide 279426?
False
Is 1435 a factor of 4381055?
True
Does 42 divide 1903841?
False
Is 11 a factor of 23166?
True
Does 78 divide 1511172?
True
Is 815572 a multiple of 82?
True
Is 3 a factor of 109915?
False
Is 4151600 a multiple of 214?
True
Is 360 a factor of 230040?
True
Is 15750 a multiple of 42?
True
Is 235 a factor of 3349685?
False
Does 72 divide 571248?
True
Is 141629 a multiple of 8?
False
Is 1543876 a multiple of 